0 a multiple of 541?
True
Is 632 a factor of 164884?
False
Is 68701 a multiple of 2?
False
Does 452 divide 9319788?
True
Is 8 a factor of 459040?
True
Is 337 a factor of 126038?
True
Is 1248975 a multiple of 915?
True
Is 34 a factor of 623973?
False
Does 85 divide 1445202?
False
Is 5932167 a multiple of 233?
False
Is 270154 a multiple of 681?
False
Does 49 divide 6042157?
False
Is 45 a factor of 278145?
True
Is 528299 a multiple of 261?
False
Is 11917376 a multiple of 29?
True
Does 6 divide 243137?
False
Does 10 divide 6032230?
True
Does 49 divide 104464?
False
Is 379 a factor of 240677?
False
Is 43 a factor of 26058?
True
Is 293888 a multiple of 37?
False
Is 158080 a multiple of 40?
True
Is 89 a factor of 277945?
False
Is 484877 a multiple of 138?
False
Is 91504 a multiple of 38?
True
Is 45 a factor of 79792?
False
Does 248 divide 312318?
False
Does 29 divide 1276084?
False
Does 157 divide 240066?
False
Is 11993101 a multiple of 24?
False
Does 29 divide 671756?
True
Does 271 divide 17036686?
True
Does 216 divide 233712?
True
Is 39 a factor of 13134810?
True
Is 332111 a multiple of 2?
False
Is 127 a factor of 1821105?
False
Does 240 divide 5463840?
True
Is 46116 a multiple of 7?
True
Does 42 divide 249676?
False
Is 131 a factor of 1585493?
True
Is 5 a factor of 405880?
True
Is 9999098 a multiple of 86?
False
Does 6 divide 1477300?
False
Is 94350 a multiple of 49?
False
Does 16 divide 6963655?
False
Is 4838200 a multiple of 136?
True
Is 7 a factor of 4746604?
False
Does 29 divide 22794?
True
Is 67 a factor of 395903?
True
Does 6 divide 29625?
False
Is 2 a factor of 10544?
True
Does 41 divide 2263259?
False
Is 369 a factor of 4755362?
False
Is 74820 a multiple of 87?
True
Is 4 a factor of 16613?
False
Does 112 divide 11887548?
False
Is 49 a factor of 138572?
True
Does 12 divide 168469?
False
Does 3 divide 15128?
False
Is 30 a factor of 244075?
False
Is 765 a factor of 436815?
True
Does 352 divide 19150516?
False
Is 5 a factor of 405417?
False
Is 1380107 a multiple of 55?
False
Does 18 divide 959346?
True
Does 82 divide 316539?
False
Does 112 divide 146604?
False
Is 360756 a multiple of 18?
True
Does 862 divide 2402394?
True
Does 105 divide 150282?
False
Is 744 a factor of 254190?
False
Is 175012 a multiple of 55?
False
Is 561503 a multiple of 4?
False
Is 221831 a multiple of 175?
False
Is 310663 a multiple of 48?
False
Is 7507124 a multiple of 20?
False
Is 53956 a multiple of 9?
False
Does 57 divide 6193221?
True
Is 54 a factor of 740793?
False
Is 3 a factor of 51741?
True
Is 290 a factor of 327094?
False
Does 37 divide 2203054?
True
Is 372 a factor of 213340?
False
Does 66 divide 53370?
False
Is 192 a factor of 1049472?
True
Does 393 divide 154488?
False
Is 2794950 a multiple of 18?
True
Is 13 a factor of 499951?
False
Does 227 divide 37724?
False
Is 15 a factor of 52770?
True
Is 2475160 a multiple of 40?
True
Is 16250 a multiple of 78?
False
Is 26 a factor of 31162898?
True
Does 13 divide 88943?
False
Is 892849 a multiple of 87?
False
Is 22 a factor of 93104?
True
Is 506 a factor of 3962244?
False
Is 43 a factor of 6067945?
True
Is 941229 a multiple of 106?
False
Does 31 divide 240095?
True
Does 356 divide 315976?
False
Is 683568 a multiple of 141?
True
Does 27 divide 4045896?
True
Is 7419384 a multiple of 126?
True
Does 108 divide 465829?
False
Is 63 a factor of 353883?
False
Is 43 a factor of 391687?
True
Is 26 a factor of 444083?
False
Is 388752 a multiple of 13?
True
Is 669300 a multiple of 69?
True
Is 850424 a multiple of 38?
False
Is 172 a factor of 2851943?
False
Does 29 divide 248559?
True
Does 48 divide 763633?
False
Is 3187852 a multiple of 1031?
True
Does 83 divide 29550?
False
Is 46 a factor of 115166?
False
Is 7506288 a multiple of 16?
True
Is 34 a factor of 189618?
True
Is 10 a factor of 10752843?
False
Is 37 a factor of 116254?
True
Is 116402 a multiple of 286?
True
Is 59 a factor of 6178423?
False
Is 400179 a multiple of 3?
True
Does 179 divide 365447?
False
Does 19 divide 109727?
False
Does 174 divide 13332?
False
Is 4775674 a multiple of 62?
True
Is 119 a factor of 326893?
True
Does 573 divide 9235614?
True
Is 2766901 a multiple of 440?
False
Is 34601 a multiple of 30?
False
Is 5016475 a multiple of 475?
True
Does 147 divide 836283?
True
Does 35 divide 230125?
True
Is 90 a factor of 159030?
True
Is 29 a factor of 828820?
True
Is 110 a factor of 2595010?
True
Does 365 divide 2949565?
True
Is 8 a factor of 23990?
False
Does 4 divide 58424?
True
Is 4 a factor of 678496?
True
Is 28 a factor of 3127751?
False
Does 23 divide 1090942?
False
Is 7956146 a multiple of 11?
True
Is 200143 a multiple of 65?
False
Is 13 a factor of 37076?
True
Does 8 divide 710142?
False
Is 60270 a multiple of 245?
True
Is 3553020 a multiple of 45?
True
Is 395 a factor of 6884060?
True
Does 56 divide 648897?
False
Is 86 a factor of 161143?
False
Is 68 a factor of 2629560?
True
Is 14 a factor of 8159284?
True
Is 7 a factor of 98506?
False
Does 296 divide 270544?
True
Is 7359 a multiple of 20?
False
Is 7 a factor of 59675?
True
Does 27 divide 97862?
False
Does 73 divide 720199?
False
Is 10 a factor of 1408579?
False
Is 359 a factor of 184301?
False
Is 2682439 a multiple of 396?
False
Is 1177771 a multiple of 7?
True
Is 1353120 a multiple of 12?
True
Does 364 divide 6135948?
True
Is 624 a factor of 43246?
False
Is 13 a factor of 293415?
False
Is 1046976 a multiple of 672?
True
Is 44958 a multiple of 24?
False
Is 36 a factor of 1272456?
True
Is 23 a factor of 122521?
True
Does 300 divide 4291581?
False
Is 11928 a multiple of 21?
True
Is 34 a factor of 174740?
False
Is 720 a factor of 528398?
False
Is 177 a factor of 320517?
False
Is 12 a factor of 971932?
False
Is 2449955 a multiple of 115?
False
Is 23 a factor of 1115867?
False
Is 3042150 a multiple of 11?
False
Is 19 a factor of 2582594?
True
Is 5 a factor of 22467?
False
Does 396 divide 4158396?
True
Is 288727 a multiple of 172?
False
Is 26 a factor of 849186?
True
Is 5 a factor of 264600?
True
Is 11 a factor of 433917?
True
Is 1099794 a multiple of 300?
False
Is 26 a factor of 928244?
False
Is 322221 a multiple of 6?
False
Is 63 a factor of 7495?
False
Is 92 a factor of 3125884?
True
Is 98 a factor of 4284658?
True
Is 908 a factor of 647226?
False
Does 124 divide 568168?
True
Does 394 divide 2829602?
False
Is 73425 a multiple of 165?
True
Is 202149 a multiple of 9?
True
Does 94 divide 265738?
True
Is 112863 a multiple of 52?
False
Does 8 divide 1573319?
False
Is 149600 a multiple of 136?
True
Does 16 divide 81638?
False
Is 116 a factor of 275479?
False
Is 8733127 a multiple of 328?
False
Is 345846 a multiple of 146?
False
Is 871653 a multiple of 10?
False
Is 14 a factor of 11777?
False
Is 88 a factor of 304744?
True
Does 193 divide 44759?
False
Is 17 a factor of 73491?
True
Is 176 a factor of 1904496?
True
Is 2172852 a multiple of 1674?
True
Does 12 divide 1238010?
False
Is 8 a factor of 72440?
True
Is 166 a factor of 910344?
True
Is 19 a factor of 12459662?
False
Does 6 divide 75474?
True
Is 5035884 a multiple of 14?
True
Is 3614896 a multiple of 363?
False
Does 76 divide 1346416?
True
Is 62724 a multiple of 16?
False
Is 893 a factor of 329517?
True
Does 20 divide 1247017?
False
Is 54180 a multiple of 36?
True
Does 65 divide 123264?
False
Does 16 divide 3676160?
True
Is 6623008 a multiple of 534?
False
Does 385 divide 1399543?
False
Is 20191 a multiple of 49?
False
Does 122 divide 166531?
False
Does 454 divide 3985212?
True
Is 84470 a multiple of 46?
False
Is 323 a factor of 70518?
False
Is 1079 a factor of 6011109?
True
Is 2885380 a multiple of 356?
True
Does 7 divide 1392139?
True
Does 7 divide 37341?
False
Does 28 divide 1207053?
False
Is 29 a factor of 1284816?
True
Does 16 divide 737520?
True
Does 24 divide 143952?
True
Is 134 a factor of 91479?
False
Does 46 divide 84653?
False
Does 157 divide 1183937?
True
Does 194 divide 69372?
False
Is 17786 a multiple of 120?
False
Is 75 a factor of 89475?
True
Is 1458581 a multiple of 5?
False
Does 172 divide 375908?
False
Is 1082951 a multiple of 16?
False
Is 43 a factor of 456875?
True
Is 4872148 a multiple of 108?
False
Does 38 divide 7761817?
False
Does 47 divide 139639?
False
Does 780 divide 3008460?
True
Is 6 a factor of 184869?
False
Does 13 divide 